what is 31277 - -66106?
117405
In base 14, what is -105b60aa - 8?
-105b60b4
In base 5, what is -4103 + 1213314?
1204211
In base 11, what is -a0691 - -103?
-a0589
In base 13, what is 2 - -553885a6?
553885a8
In base 12, what is 15 + 8852b1?
885306
In base 11, what is -11111 - 26?
-11137
In base 16, what is -2259 + f88?
-12d1
In base 13, what is 2 + -277857a?
-2778578
In base 13, what is 8c - -80605?
80694
In base 8, what is 115412 - -1123?
116535
In base 16, what is -240 - -72f?
4ef
In base 8, what is 160767241 + -2?
160767237
In base 16, what is 4 + -82a5fb?
-82a5f7
In base 2, what is -110 + 100111000100110010001111?
100111000100110010001001
In base 13, what is -218b50 + -c99?
-219b19
In base 12, what is -26 - -6041b?
603b5
In base 12, what is 79a + 10824?
11402
In base 13, what is 1232796 - 106?
1232690
In base 4, what is 3231 + -23331000?
-23321103
In base 15, what is -94e - -a1dde?
a1490
In base 14, what is 5 + 3416d0?
3416d5
In base 10, what is -130467 - -33?
-130434
In base 2, what is -1 - -1101101010010000000?
1101101010001111111
In base 16, what is 1a8c4a - -4?
1a8c4e
In base 6, what is -33 - -3404132213?
3404132140
In base 9, what is -3525684 + -78?
-3525773
In base 9, what is 116725 - -42?
116767
In base 3, what is 1011010120 + 101020?
1011111210
In base 2, what is -1001100011010010011101000 + 100?
-1001100011010010011100100
In base 12, what is -5b448269 + 0?
-5b448269
In base 4, what is 11111 - -3232331110?
3233002221
In base 2, what is 110010001 + 111000010111000101011?
111000010111110111100
In base 6, what is -512324515 + -1?
-512324520
In base 16, what is 5dbc89 - 4?
5dbc85
In base 6, what is -141035114 - 0?
-141035114
In base 5, what is -241124 + 312032?
20403
In base 4, what is 210130111011 + 1?
210130111012
In base 2, what is -1100111101011110111100001001 + -1?
-1100111101011110111100001010
In base 3, what is -111112101001102 - 10010?
-111112101011112
In base 10, what is 268122 + 99?
268221
In base 15, what is -36d55bc + 1?
-36d55bb
In base 16, what is -c857271 + -4?
-c857275
In base 3, what is -10001102022201220 + 11?
-10001102022201202
In base 5, what is -34144120 - -20?
-34144100
In base 4, what is 1201100013 - -12212?
1201112231
In base 16, what is -54b5 + -1a?
-54cf
In base 3, what is -10 + 10020022202012?
10020022202002
In base 5, what is -240104 + 431340?
141231
In base 13, what is -2013b - 3b36?
-23c74
In base 16, what is -b6fe3 - 4c?
-b702f
In base 11, what is -238a99a8 + -4?
-238a9a01
In base 11, what is 8373 - 380?
7aa3
In base 13, what is -4114115 + -2?
-4114117
In base 5, what is -1102144 - 103222?
-1210421
In base 16, what is -4 + -473e527?
-473e52b
In base 9, what is 248265138 - 0?
248265138
In base 12, what is -b46628 - -3?
-b46625
In base 5, what is 2442 - 202442422?
-202434430
In base 12, what is -11 + 246585?
246574
In base 6, what is 4320204 - 10105?
4310055
In base 7, what is 6130504536 - -2?
6130504541
In base 9, what is -207 + -35764?
-36072
In base 6, what is -2143324 + -31?
-2143355
In base 14, what is 5b8a + -146d?
471b
In base 9, what is -204 + 10830?
10625
In base 10, what is 2566 + -19745?
-17179
In base 2, what is 100 + -1001011011101010110?
-1001011011101010010
In base 9, what is 3 + -23787168?
-23787165
In base 4, what is 11202330123 - 13?
11202330110
In base 11, what is -2908 - -1993?
-a25
In base 8, what is -1270 - -1712355?
1711065
In base 12, what is 4 + -1b57?
-1b53
In base 12, what is 14967 - 231?
14736
In base 3, what is -111211022221120102 + 11?
-111211022221120021
In base 15, what is 67795 + 4a7?
67c4c
In base 8, what is 57 + 45124755?
45125034
In base 3, what is 1202220111120 + -1000?
1202220110120
In base 3, what is 112102211111 - 2100?
112102202011
In base 13, what is 6459 - -ca48?
161a4
In base 7, what is 26360513402 - 5?
26360513364
In base 3, what is -1200202020001001 - -101?
-1200202020000200
In base 15, what is -3b17d + -1c?
-3b19a
In base 12, what is 5 + 39152831?
39152836
In base 4, what is -221101001220 - -122?
-221101001032
In base 2, what is 1110 - 1011101010110101110011110?
-1011101010110101110010000
In base 9, what is 5 - 102544545?
-102544540
In base 11, what is 169912070 - 3?
169912068
In base 9, what is 1607083 - 5?
1607077
In base 9, what is 1721447 - -56?
1721514
In base 14, what is -ac18 - 23?
-ac3b
In base 10, what is 182 - 525?
-343
In base 9, what is 0 - 3306518?
-3306518
In base 6, what is -3 + -400401203?
-400401210
In base 8, what is 232400 - 615?
231563
In base 6, what is 551530 + -3502?
544024
In base 5, what is 302 + -312434030?
-312433223
In base 14, what is d + b578b6?
b578c5
In base 12, what is -b - 1b68775?
-1b68784
In base 2, what is 100001110101100110100101000111 - -11?
100001110101100110100101001010
In base 10, what is 10066 - -5616?
15682
In base 4, what is 232302200 + -111?
232302023
In base 12, what is -61 - 46574a?
-4657ab
In base 8, what is 66234366 - 33?
66234333
In base 9, what is -286 - 1087?
-1384
In base 9, what is 314480 + -38?
314441
In base 8, what is 5566437 + 216?
5566655
In base 6, what is 5 - 12124212?
-12124203
In base 8, what is -6577 + 1144?
-5433
In base 13, what is -32c0a + 2b?
-32bac
In base 14, what is 4 - 263bb52?
-263bb4c
In base 7, what is 1 - 132603320?
-132603316
In base 16, what is -1 - 8dfaabf?
-8dfaac0
In base 15, what is 1ba + 1e70?
213a
In base 10, what is -13438925 + 4?
-13438921
In base 4, what is 111023 + -1332203?
-1221120
In base 2, what is 100011001011000 - -100111?
100011001111111
In base 16, what is 18aea + -a3?
18a47
In base 3, what is -1002021021011 - 220222?
-1002022012010
In base 2, what is -100 - 10101111010111011010100001?
-10101111010111011010100101
In base 16, what is -1 + 18ce833?
18ce832
In base 15, what is -30 + -91b2?
-91e2
In base 5, what is 241321403341 - -4?
241321403400
In base 11, what is -835959 - 6?
-835964
In base 11, what is 4455aa59 - 1?
4455aa58
In base 11, what is 141 - -1aa660?
1aa7a1
In base 11, what is -3 + 219959?
219956
In base 2, what is -1001110000 + 1111101100011?
1110011110011
In base 13, what is 127 - -22645?
2276c
In base 12, what is 3a34b08 + 1?
3a34b09
In base 7, what is -125 + 1041614?
1041456
In base 4, what is 1113333002 - -20?
1113333022
In base 14, what is -8 - -a428b1?
a428a7
In base 3, what is -1102 - 122020221?
-122022100
In base 14, what is -1b58 + -3aa?
-2124
In base 5, what is 4 - 4403013222?
-4403013213
In base 11, what is -17 + -132480?
-132497
In base 6, what is 22053222 - 204?
22053014
In base 4, what is 12 - -13120121202333?
13120121203011
In base 5, what is 1432032141 + -1344?
1432030242
In base 9, what is 12 + 505242?
505254
In base 3, what is 20122200222 + 1002122?
20200210121
In base 7, what is -302 + 204142?
203540
In base 11, what is -a138773 + 3?
-a138770
In base 2, what is -1101111 + -1110001100100110100101?
-1110001100101000010100
In base 7, what is 610 + -130061?
-126151
In base 10, what is 919213 + -12?
919201
In base 2, what is -11011000111010101011110 - 100010?
-11011000111010110000000
In base 10, what is -270 - -12934?
12664
In base 9, what is -5656 - 108060?
-114726
In base 4, what is 1203313001 - -1?
1203313002
In base 4, what is -1032201233200 - 11?
-1032201233211
In base 11, what is 4a278 + 1229?
504a6
In base 14, what is -1 + 37a612?
37a611
In base 11, what is -1522a + 59a7?
-a333
In base 14, what is -7909 + 707c?
-86b
In base 6, what is 50245 - 12434?
33411
In base 3, what is -221222201 + 112112?
-221110012
In base 3, what is 1021010102212 + 1110?
1021010111022
In base 9, what is 3 + 23468625?
23468628
In base 5, what is -11 - -344003010?
344002444
In base 10, what is 10 + -148375?
-148365
In base 8, what is 13 - 25523666?
-25523653
In base 14, what is -57 + -111684a?
-11168a3
In base 8, what is 3663405 - -627?
3664234
In base 3, what is -20011020 - -11211?
-12222102
In base 11, what is -347 - -12738?
123a1
In base 3, what is -22 + 1210121021121102?
1210121021121010
In base 3, what is 1011110220222 - 10212?
1011110210010
In base 11, what is -15099 + 43a?
-1475a
In base 9, what is -112460306 - 1?
-112460307
In base 4, what is 3330011301022 - -3?
3330011301031
In base 13, what is 8 + -116a0a7?
-116a09c
In base 8, what is -2 - 216023774?
-216023776
In base 14, what is 3ba + 1aac3?
1b09d
In base 7, what is -34631652103 + -1?
-34631652104
